= -40. Let c be a(t). Let b = c + -4. What is the highest common divisor of 24 and b?
8
Let a be (2/((-20)/66))/((-45)/150). Suppose -f + 3*g = -230, 2*g = f + 3*f - 960. What is the greatest common factor of f and a?
22
Let k(z) = -z**2 + 5*z - 7. Let r be k(14). Let s = -34 - r. Calculate the highest common factor of 9 and s.
9
Let f = -10 - -20. Let r be 9/15 + 154/f. Let p(m) = m**2 + m + 4. Let b be p(4). Calculate the greatest common factor of r and b.
8
Suppose -80*k = -66*k - 112. Suppose l - 3*b - 21 = -3*l, 0 = -5*l - b + 12. Suppose l*h - 2 = 4. Calculate the greatest common divisor of k and h.
2
Let k be (-38)/(-5) + 80/200. What is the highest common divisor of k and 8?
8
Let i(g) = -203*g + 87. Let f be i(-7). What is the highest common factor of f and 52?
52
Suppose -m + 35 = 33. Calculate the highest common divisor of 4 and m.
2
Suppose 6*i - 4*i + g = 83, i = 4*g + 46. Suppose -2*a - 73 = -199. Calculate the greatest common factor of a and i.
21
Let r be 8/(-12)*1 + (-24)/(-9). Let w(j) = 7*j**3 - 4*j**2 + j + 6. Let u be w(r). What is the greatest common factor of 16 and u?
16
Let n(w) = w**3 - 15*w**2 + 12*w + 20. Let j be n(15). Let b be (0 - 6/4)*j/(-60). Calculate the greatest common factor of b and 10.
5
Let s be 59 - 0/1 - (-8)/(-2). Let u = 26 + -21. What is the greatest common factor of s and u?
5
Suppose -2108 = -42*v + 8*v. Suppose 6*g - g - 170 = 5*r, -5*g + 140 = 5*r. Calculate the greatest common factor of v and g.
31
Let g be 2/(-7) - (-184)/7. Suppose 0 = 52*o - 35*o - 442. What is the greatest common divisor of g and o?
26
Let f(j) = -3*j**2 - j - j + 2*j**3 + 3*j - 2. Let n be f(3). Suppose 57 + 13 = r. What is the greatest common divisor of r and n?
14
Let y(b) = b + 4. Let z be y(5). Let h be 9 - (z - 4)/(-5). Let p = -30 - -55. What is the highest common factor of p and h?
5
Let n(j) be the third derivative of j**5/60 - j**4/8 - 7*j**3/2 - 15*j**2. Let m be n(14). Calculate the greatest common factor of 19 and m.
19
Let f = 124 - -84. What is the greatest common factor of 16 and f?
16
Suppose 4*f + 1069 = 3*b + 9*f, -b = 3*f - 363. Suppose 218 = 2*h - l + 3*l, 4*l + b = 3*h. Calculate the highest common factor of 28 and h.
28
Let p = 729 - 699. Calculate the highest common divisor of 220 and p.
10
Suppose -4*x + 19 - 3 = 0. Suppose 5*b = -x*t + 50, t - 6*t = 0. Calculate the highest common factor of b and 70.
10
Let w = 263 + -218. Calculate the greatest common divisor of 9 and w.
9
Suppose -2*q = -4*q + 94. Suppose 4*b + y - 567 = 2*y, 3*y - 273 = -2*b. Calculate the highest common factor of b and q.
47
Suppose -40*b + 3120 = -14*b. Let c = -2 - -17. What is the greatest common divisor of b and c?
15
Let y = -154 + 166. Calculate the greatest common factor of y and 48.
12
Let j be ((-15)/(-9))/((-7)/21) - -21. Calculate the greatest common divisor of 8 and j.
8
Let v(h) = 2*h - 106. Let p be v(58). Calculate the highest common divisor of p and 50.
10
Let y(u) = -u + 11. Let x be y(7). Suppose 4*d - 2*d + 4*m = 130, -2*m - 210 = -x*d. Suppose -4*l - l = -d. What is the highest common factor of 121 and l?
11
Let q = 3527 - 2960. Calculate the greatest common divisor of q and 63.
63
Suppose n + 35 = 3*b - 16, 5*b = -n - 19. Let y = 109 + n. Calculate the highest common factor of 14 and y.
14
Let f(o) = 2*o**3 - 10*o**2 + o + 32. Let y be f(9). What is the greatest common factor of y and 26?
13
Let j be (21 - 0/1) + 3. Let x be (0 - -9)*(-61)/(-183). What is the highest common divisor of x and j?
3
Suppose 2*w - o + 30 = 0, o - 36 = 4*w + 22. Let x = w - -28. What is the highest common factor of 35 and x?
7
Let j be (-1 + 3 - 0) + 76. Suppose s = -22 + j. Suppose -5*n + s + 14 = 0. Calculate the greatest common factor of 35 and n.
7
Suppose -2*f - 2*f = -3*c - 3, 2 = -f - 2*c. Suppose f*i + 80 = 4*i. What is the highest common divisor of 4 and i?
4
Suppose -23 = -2*k + 59. Let n be (9/(-3) + 5)*(k - 1). What is the greatest common divisor of 32 and n?
16
Let c(g) = -g**3 - 39*g**2 + 82*g + 31. Let v be c(-41). Calculate the highest common factor of 124 and v.
31
Suppose 9*s - 1620 = -6*s. What is the greatest common factor of s and 4?
4
Let d be 27/2 + (-1)/(-2). Suppose 4*u = 2*g + 388, 4*u - 394 = -0*u - g. Calculate the highest common factor of u and d.
14
Let s(i) = i**2 - 20*i - 14. Let z be s(17). Let b = 80 + z. What is the greatest common divisor of 60 and b?
15
Let i(l) = 22*l**2 - 60. Let q be i(-5). What is the highest common divisor of 70 and q?
70
Let v be 2068/36 + -12 - (-8)/(-18). Calculate the highest common divisor of 9 and v.
9
Let u = 45 + -46. Let w be 3168/27 + u/3. What is the greatest common divisor of w and 13?
13
Let x = -98 - -22. Let o = x + 148. Let w = o - 44. What is the highest common factor of 42 and w?
14
Let q = -2082 + 2106. What is the greatest common factor of 132 and q?
12
Let h(c) = c**2 - 6*c + 8. Let u be h(8). Suppose 4*x = 4 + u. Suppose -3*r + 20 = -r - 5*z, z + x = r. Calculate the highest common divisor of 40 and r.
5
Let p(o) = o**3 + 4*o**2 - 64*o - 22. Let a be p(8). Calculate the highest common divisor of 26 and a.
26
Let n(g) = 7*g - 32. Let z be n(5). Calculate the highest common divisor of 11 and z.
1
Let h(s) = 2*s + 25. Let d be h(-6). Let g = 63 - 50. Calculate the highest common divisor of g and d.
13
Suppose -37*o + 26*o + 143 = 0. What is the greatest common divisor of 143 and o?
13
Let t = 1074 + -606. Calculate the highest common factor of t and 72.
36
Let x = 59 - 39. Let b(o) = o**2 - 4*o - 9. Let q be b(6). Suppose f + 100 = q*f. Calculate the highest common factor of x and f.
10
Let t(d) be the second derivative of 4*d**2 - 4*d + 1/12*d**4 + 0*d**3 + 0. Let b be t(0). Calculate the greatest common factor of 2 and b.
2
Suppose -43*s + 2380 = -11810. Let k(a) = -a**3 - 4*a**2 + 6*a - 6. Let t be k(-6). Calculate the highest common divisor of t and s.
30
Suppose -5*z = p + 4*p - 365, 3*z = 3*p - 201. Let k = 30 - 36. Let w be 140/15*k/(-4). What is the greatest common factor of w and p?
14
Suppose 0 = 2*n + y - 645, 0 = 7*n - 12*n - 2*y + 1615. Calculate the greatest common factor of n and 13.
13
Suppose h + 2*h - 12 = 0. Let r = 84 + -4. Let g = -44 + r. Calculate the greatest common factor of g and h.
4
Let z be (-50)/35*(-2)/(-2)*-7. Let t = 76 - z. What is the highest common divisor of t and 6?
6
Suppose 3*b + 6 = 0, 3*b = 2*c - 4*c + 4. Let l = -91 - -96. Suppose 8*o - 44 = -2*u + l*o, -3*u = -c*o - 28. What is the greatest common factor of u and 8?
8
Let l(s) = -s**2 + 59*s - 460. Let n be l(21). Calculate the highest common factor of n and 104.
26
Let n be 1074/36 - 1/(-6). Calculate the highest common divisor of 160 and n.
10
Let u = 15 - 10. Suppose -19 = -u*o - 14. What is the highest common divisor of 13 and o?
1
Let q(w) be the third derivative of -w**5/60 + 7*w**4/24 - w**3/2 + 6*w**2. Let f be q(4). Calculate the highest common divisor of f and 36.
9
Suppose -6*s = -27 - 9. Let r be (-16)/(-2)*3/s. Let o be r/8 + (-477)/(-6). Calculate the highest common factor of 32 and o.
16
Suppose 0 = -0*z + 5*z - 130. Suppose 0 = -251*m + 95*m + 312. What is the greatest common factor of z and m?
2
Suppose -2*l - 4*b = 28, l + 9 = -3*b - 5. Let i = -8 - l. Suppose i*x - 8*x = -144. Calculate the greatest common factor of x and 8.
8
Let d(j) = 27*j + 116. Let k be d(-3). What is the highest common factor of k and 4305?
35
Let m be ((-38)/(-4))/((-10)/20). Let t = -17 - m. Calculate the greatest common divisor of t and 16.
2
Suppose 7*v - 62 = 6*v. Let f = v + -30. Let s be (-20)/f*2*-4. Calculate the highest common factor of 2 and s.
1
Let q = 194 - 84. Let z(h) = h**2 - 11*h + 10. Suppose 15*a - 16*a = -11. Let n be z(a). What is the greatest common divisor of q and n?
10
Suppose 11*x = -10*x + 84. Calculate the highest common factor of 20 and x.
4
Let w = 380 + 214. Calculate the greatest common factor of 66 and w.
66
Let n be (1 + -5)*747/(-36). Let s = -9 - n. Let m = s - -164. Calculate the highest common factor of m and 8.
8
Let h = -54 + 117. Let r = 32 - 25. Suppose 21 = 4*t - r. What is the greatest common factor of t and h?
7
Let u(g) = 33*g - 91. Let j be u(4). Calculate the greatest common factor of 287 and j.
41
Let k(g) = -g**3